Suppose -7*g + 482 = 76. What is the tens digit of g?
5
What is the tens digit of (-12)/18 - (-195)/9?
2
Suppose 3*x + 24 = 117. What is the tens digit of x?
3
Suppose 5*d - 3*f = -0 - 3, 3*d = 3*f - 3. Suppose 3*l + 0*l - 33 = d. What is the units digit of l?
1
Suppose -2*k - 2*k = -192. Suppose 3*w + w = 0. Suppose w*q = -4*q + k. What is the units digit of q?
2
Let n = -43 + 74. What is the units digit of n?
1
Let c be (-39)/6 - (-1)/2. Let t = c + 3. Let u(g) = -g**3 - g**2 + 2*g. What is the units digit of u(t)?
2
Suppose -2*v + 0*v + 10 = 0. Let o = 10 + -3. Suppose o*c - v = 2*c. What is the units digit of c?
1
Suppose 3*b - 186 = -3*i, -b + 6*i - 2*i + 67 = 0. What is the units digit of b?
3
Let q(g) = 3*g - 14. Let x be q(6). Suppose 4*z - j = x*j + 67, -3*j = -4*z + 77. What is the tens digit of z?
2
Let m = -2 - -38. What is the units digit of m?
6
Let y(n) = 3*n**2 + 0*n - n + 2*n**2 - n**3 - 5. Let j be y(4). Suppose 0 = 4*c + 5*z - j, 0 = c - 0*c + 3*z. What is the units digit of c?
3
Let f = 440 - 65. What is the hundreds digit of f?
3
Let z = 24 + 110. What is the hundreds digit of z?
1
Suppose j = 1 + 1. Suppose -j*p + 16 = 4*f, p - f = 2*f - 7. Suppose -22 = -2*n + p. What is the tens digit of n?
1
Let z be 2/(-7) - (-620)/14. Suppose -5*p + 55 = s + 4*s, -4*p + 4*s = -z. Let m = -2 + p. What is the units digit of m?
9
Suppose -9*d + 89 = -8*d. What is the tens digit of d?
8
Let q = 11 - 11. Suppose 4*v + 4*j - 52 = q, 5*v = -0*j + 4*j + 47. What is the units digit of v?
1
Let u(q) = -q**3 + 6*q**2 - q - 5. Suppose 4*a + i - 18 = 0, -i - 3 - 14 = -3*a. Let m be u(a). What is the units digit of (-3)/15 + 33/m?
2
Let i(p) = 2*p**3 - 2*p**2 + p + 1. What is the units digit of i(3)?
0
Suppose 3*b + 344 = 4*f, 2*b + 69 = f - 3*b. What is the units digit of f?
9
Let n = -183 + 344. What is the hundreds digit of n?
1
Let j(f) = -f + 0 - f + 0*f - 6. Let w be j(-6). Suppose -p + w = -7. What is the tens digit of p?
1
Let x(i) = 185*i**3 + i - 2. What is the tens digit of x(1)?
8
Let y = -16 + 64. What is the tens digit of y?
4
Suppose t - 21 = 11. Let d = -17 + t. What is the tens digit of d?
1
Suppose -2*o + 6 = 0, -n + 7 = -6*n + 4*o. Let v be -2 + (0 - n*-2). What is the units digit of 10 + 1 + (v - 2)?
9
Let a = 4 - 22. Let f be (-284)/a - 4/(-18). What is the units digit of (6/12)/(1/f)?
8
Let j = 0 - -1. Suppose -4*r + r - n + 27 = 0, -n = 0. Let k = r - j. What is the units digit of k?
8
Let h(o) = -o + 20. Suppose -5*p + 20 = 2*i + i, 5*i + 4*p - 16 = 0. Let g be h(i). What is the tens digit of 5/g + 55/4?
1
Suppose -875 = -4*v + q, -3*q - 195 = -v + 2*q. Suppose 6*u = u + v. What is the tens digit of u?
4
Let j = 2 - -2. Suppose -j*x = -6*x + 16. What is the units digit of x?
8
Suppose 2*d - 2 = -x, x - 6*d = -d + 2. Suppose 0 = x*w - w - 10. Suppose -y + w*v = 5*v - 12, -v = y. What is the units digit of y?
2
Let f(h) = 11*h - 65. What is the units digit of f(20)?
5
Suppose 5*o = 4*n - 7, 4*o - 10 = -4*n + 2*n. What is the units digit of o?
1
What is the units digit of ((-7)/(-3) + -2)*30?
0
Let x = 3 + 5. What is the units digit of x?
8
Suppose -26 = -4*i + 106. Suppose v + t = 50 + i, 15 = 5*t. Suppose 7*l = 2*l + v. What is the units digit of l?
6
Suppose 3*h = h + 50. What is the tens digit of h?
2
Let j(k) = 22*k**2 - k - 16. What is the units digit of j(-3)?
5
Let n(t) be the second derivative of t**5/20 + 3*t**4/4 + 7*t**3/6 - 7*t**2/2 + 2*t. Let w be n(-8). Suppose -9 = -q - w. What is the units digit of q?
8
Suppose -2*r - 10 = -0*r, f = 3*r + 51. What is the units digit of f?
6
Let p be (-2)/2*(-6)/2. Let x be 1*2 + (-30)/p. Let z(k) = -k**3 - 8*k**2 - 2*k - 12. What is the units digit of z(x)?
4
Suppose z + 1197 = -2*z. What is the tens digit of (-2)/8 + z/(-12)?
3
Suppose 2*g - 75 = -g. What is the tens digit of g?
2
Suppose -9 = -4*g + 87. Let j = -8 + g. What is the tens digit of j?
1
Suppose -2*g + 5*d + 115 + 2 = 0, -3*d + 339 = 5*g. Suppose 4*q = 4*b - 5 + 65, 0 = -4*q - 2*b + g. What is the tens digit of q?
1
Suppose -u + 34 - 5 = 5*i, -2*i + 4*u - 6 = 0. Suppose y = 3*y - f - 2, 17 = -y + i*f. Suppose y*k + 6 = 0, -5*s - 3*k + 27 = -12. What is the units digit of s?
9
Let y = 0 + 6. Suppose -9 = -y*z + 5*z. What is the units digit of z?
9
Let t(p) = p**2 + 6*p - 2. Let k be t(-11). Let c = k + -14. Suppose 0 = w - 4*w + c. What is the units digit of w?
3
Suppose -6 = -2*f - f, 3*h = -f + 17. Suppose -z + 112 = z - 4*a, h*a = 3*z - 163. What is the tens digit of z?
4
Suppose 4*t + 0*t = -116. Let f = 52 + t. What is the tens digit of f?
2
Let q = 549 - 154. Suppose q = w + 4*w. Suppose 2*n = -3*t + 45, -5*t - 3*n = -n - w. What is the units digit of t?
7
Let a = 25 + 185. What is the hundreds digit of a?
2
Suppose -2*b - 13 + 173 = 0. What is the units digit of b?
0
Let p = -27 + 57. Suppose 3*t + p = 3*g, 3*g - 2*t = 3*t + 28. What is the tens digit of g?
1
Let c = 3 + -1. Suppose -c*w + 148 = 56. Suppose 4*p - w + 6 = 0. What is the tens digit of p?
1
What is the tens digit of -5 - (-1 - 0) - -132?
2
Let l(q) = 9*q**2 + q + 3. What is the tens digit of l(3)?
8
Let u = 4 + -2. Suppose 4*i + 2*j = 42, 5*i - u*j = -j + 42. What is the units digit of i?
9
Let b(z) = 17*z - 1. Let t be b(9). Suppose -3*i + 0*i = -5*y + t, -3*y + i = -88. What is the units digit of y?
8
Let z = -27 + 41. What is the units digit of z?
4
Let x = 1 + -1. Let r(v) be the third derivative of v**5/60 + v**3 + 3*v**2. What is the units digit of r(x)?
6
Let z(y) = -y**2 - 6*y + 9. Let o be z(-7). Let r be -4*o/(-4) + 0. Suppose -4*c + 1 = 5, 3*m - 11 = r*c. What is the units digit of m?
3
Let v be (-390)/(-50) + (-2)/(-10). Suppose 0 = v*q - 11*q + 102. What is the units digit of q?
4
What is the tens digit of (3/12)/(-4 + 2628/656)?
4
Let h(c) = -c**2 + c + 1. Let j(v) = 5*v + 0 - 5*v**2 + 1 + 6. Let f(k) = -6*h(k) + j(k). What is the units digit of f(0)?
1
Suppose -1359 = -7*j - 218. What is the tens digit of j?
6
Let r = 3 + -3. Suppose 9*t - 5*t - 36 = r. What is the units digit of t?
9
Let q(x) = 3*x - 10. What is the units digit of q(5)?
5
Suppose 0 = -0*t - 3*t + 2*p + 15, -5*t = 5*p - 50. Suppose -5*i + 3*m = -70, -t*i + 110 = -2*i + 5*m. What is the units digit of i?
7
Let z be 20/16 - (-3)/4. Suppose -110 = z*l - 7*l. What is the tens digit of l?
2
Let v(s) = s**3 - 6*s**2 + 6*s - 7. Let h be v(5). What is the tens digit of (-2)/4 - 27/h?
1
Suppose 2*z = 2, 4*z + 37 = -u - z. Suppose 0*x = -2*x - j - 7, 2*x - 3 = -3*j. What is the units digit of (2/x)/(2/u)?
7
Let t(z) = -z + 93. Let x be t(0). Let j = x + -53. What is the units digit of j?
0
Let y(r) = 3*r - 1. Let g be (-1)/(-2) - 7/(-2). What is the units digit of y(g)?
1
Let f(p) = -p**3 - 9*p**2 + 7*p - 12. What is the units digit of f(-10)?
8
Suppose 38 = 5*f - 4*h, 2*f + 0*f + h = 23. What is the units digit of f/(-15) - 16/(-6)?
2
Let f(q) = -12*q. Let r be f(-8). Suppose -5*c + n = -48 - 68, r = 4*c - 4*n. Let y = -9 + c. What is the tens digit of y?
1
What is the units digit of (-69)/2*(-2)/3?
3
Let c be 4/(-6) - (-2)/3. Let m(q) = -q**3 + q**2 + 17. What is the units digit of m(c)?
7
Let g(m) = m**2 + m - 4. Let w be g(-4). Let s = w - 5. Suppose -17 = -s*u - 2*d, -5*u - 4*d = -3*u - 22. What is the units digit of u?
3
Let j be (2 + -3)*-2 + -2. Let q(r) = j*r - 3*r + 2*r - 4 - 3*r. What is the units digit of q(-4)?
2
Let p = -67 + 90. What is the tens digit of p?
2
Let f be 3*10/12*-16. What is the tens digit of (4 - 1)*f/(-12)?
1
Suppose s - 4 = -s. Let y(o) = 3*o**2 + 0 + 2*o - s*o**2 + 5 - 3*o. What is the units digit of y(0)?
5
Suppose 32 = 4*c - 0*c. Suppose x + 3*i = c, -16 = -3*x + x + 2*i. What is the units digit of x?
8
Suppose 10*y - 770 = -180. What is the tens digit of y?
5
Let q(h) = -h + 10. Let d be q(-10). What is the units digit of 1 + -3 + d + 0?
8
Let m be (-57)/((-3)/2*1). Suppose -2*w + m = w - 5*y, 0 = w + 3*y - 22. What is the tens digit of w?
1
Let b(o) = o + 0*o**2 - 2*o**2 + 7 + 3*o**2 + 3. What is the units digit of b(0)?
0
Suppose -2 - 1 = d, d = 2*y + 9. Let h(a) = -a**3 - 5*a**2 + 5*a - 2. Let w be h(y). Let c = w + -2. What is the units digit of c?
2
Suppose w = -3*w + 4*o + 216, 4*o + 275 = 5*w. What is the units digit of w?
9